o(x). Determine g(6).
11
Let p(b) = -9*b + 80. Let q = -3972 + 3980. Calculate p(q).
8
Let r be (108/60)/((-3)/(-10)). Let p be -2*r/(-2 + -1) - -3. Let v(i) = -2*i + 10. What is v(p)?
-4
Let l(h) = -5*h**2 - 19*h - 9. Suppose 18*v - 8*v = -29 - 11. Give l(v).
-13
Let d be ((-6)/9)/(10/(-180)). Suppose -d*t = 9*t. Let p(j) = -j**2 - j + 18. Calculate p(t).
18
Let n = -86 - 57. Let t = -139 - n. Let b(m) = -6 + 3*m + 3*m + 3*m**2 - 4*m**2. Calculate b(t).
2
Let s(l) be the first derivative of 4*l**3/3 - 2*l**2 - 5*l - 3132. Calculate s(-3).
43
Let b = -1693 - -1135. Let m = b - -558. Let g(h) be the third derivative of h**4/24 + h**3 - h**2. Calculate g(m).
6
Let r(o) be the first derivative of o**3/3 + 9*o**2/2 - 11*o - 1497174. Let p = 9 + -6. Suppose -y - y + p*x = 23, 3*y = 2*x - 32. Calculate r(y).
-1
Let u(d) = d**2 + 9*d - 154. Let l(h) = -h + 15. Let c(r) = 62*l(r) + 6*u(r). Give c(1).
4
Let k = 507 + -507. Let a(n) = 513*n**2 + 6*n + k*n**3 - 7 - 3*n**3 - 514*n**2 + 2*n**3 - 4*n. Give a(0).
-7
Let x(s) = 933*s + 27 + 908*s - 2787*s + 926*s. What is x(7)?
-113
Let g = 13 + -22. Let b(q) be the second derivative of q**4/12 + 5*q**3/3 + 5*q**2 - 458*q. Determine b(g).
1
Let g(a) = -a**3 - 27*a**2 + 5*a + 136. Suppose 0 = -242*p + 123*p - 3213. What is g(p)?
1
Suppose 0 = 4*z - f + 10, 3*z + 3*f = 2*z + 4. Let y be (4 + z)/(68/20 + -3). Let q(v) = -v**3 + 5*v**2 + 4*v - 3. Determine q(y).
17
Suppose -41*q - 224 - 145 = 0. Let t(o) = o**2 + 9*o + 10. Calculate t(q).
10
Let n = -31 - -41. Let y(b) = -6*b + 4*b + b + 11 - n. Determine y(5).
-4
Let w(y) = y**2 - 2*y - 2. Let t(v) be the first derivative of 0*v**3 + 1/2*v**2 - 2*v + 12 - 1/4*v**4. Let j be t(0). Calculate w(j).
6
Let d(i) = -23*i**2 + i. Let s(m) = -m**3 + 21*m**2 + 1. Let v(x) = 2*x**3 + 2*x**2 - 3. Let z be v(2). Let r be s(z). What is d(r)?
-22
Let f(o) be the third derivative of o**5/30 + 2*o**3/3 + 2*o**2 - 403. Calculate f(5).
54
Let o be 46/10 - 8/(-20). Suppose -o*c + 17 = -2*h, -2*c = -2*h - 0*c - 14. Let u(b) be the second derivative of b**3/6 + 4*b**2 - b + 68. What is u(h)?
2
Let d(h) = h**2 - 3*h + 3. Let c(m) = 23*m - 78. Let s(y) = -67*y + 234. Let p(i) = 11*c(i) + 4*s(i). Let a be p(5). What is d(a)?
3
Let t(h) = 4*h**3 + 19*h**2 + 95*h + 70. Let v(j) = j**3 + j**2 - j + 16. Let k(z) = t(z) - 6*v(z). Calculate k(11).
-4
Let x(q) = -q**2 + 876*q - 6946. Let h be x(8). Let y(l) = -11*l. Let u(r) = -21*r. Let w(o) = -6*u(o) + 11*y(o). Give w(h).
-10
Let z(l) = -l + 36. Let h(u) = -6*u + 20. Let m(c) = -h(c) + z(c). What is m(10)?
66
Let v(p) be the second derivative of p**5/60 + 13*p**4/12 - 233*p**3/6 + 6*p - 3. Let q(s) be the second derivative of v(s). What is q(-18)?
-10
Let n(j) = 2*j + 5. Suppose 4*q = d - 65, -2*d + 9*q + 100 = 7*q. Let g = 43 - d. Calculate n(g).
1
Let k(u) = 10*u + 16. Let f = 2779 + -2782. Determine k(f).
-14
Let o(j) = 5. Let b(i) = -9*i - 51. Let f(a) = b(a) - 9*o(a). Calculate f(-10).
-6
Suppose 0 = -9*v + 8*v - 12. Let p be v/(-1)*6/(-12). Let o be p/9 - 16/12. Let c(b) = -b**3 - 3*b**2 - b. Determine c(o).
-2
Let p(t) = -1577*t. Let f(n) = 104*n. Let r(l) = 76*f(l) + 5*p(l). Let s be 3*2/18*-3. Determine r(s).
-19
Let v(y) = -y**2 + 10*y - 10. Let b = 419 + -399. Suppose -256 = -b*g - 76. Calculate v(g).
-1
Let o(x) = x - 6. Let p(c) = -2*c + 52. Let g(b) = 9*o(b) + p(b). Determine g(-9).
-65
Let c(k) = -k**3 - 9*k**2 + 11*k + 16. Let a = -48 + 38. Determine c(a).
6
Let h(m) = -44 - 52 + m - 47*m**2 + 94 + 2*m. Determine h(1).
-46
Let q(l) = 673 - 10*l - 2*l - 221 - 224 - 227. What is q(3)?
-35
Let a = 15 - 13. Suppose 34 = 2*r + a*g, 5*r - 129 = -g - 40. Let h(z) = -r - 8*z - 14 + 38 + z**2. Calculate h(7).
-1
Let m(g) = 5*g**2 + 14*g - 35. Let u(p) = -14*p**2 - 39*p + 98. Let h(l) = 11*m(l) + 4*u(l). Determine h(-6).
-17
Let u(s) = 15*s + 59. Let v be u(-25). Let q = -310 - v. Let x(f) = f - 2*f + 5 + 3. Give x(q).
2
Let g(m) = 5*m - 50. Let k be g(11). Suppose k*w - d = -0 - 20, 3*w + 4*d + 35 = 0. Let n(b) = 2*b + 5. Determine n(w).
-5
Let x(h) = -2*h**2 + 7*h**2 + 2*h**2 + h**3 + 0*h**2 - 36 + 21 + 3*h. Calculate x(-6).
3
Suppose -15*t - 77 + 587 = 0. Suppose 7*n + 92 = -t. Let u(i) = -i - 21. Give u(n).
-3
Let c(j) = -j**3 - 7*j**2 - j - 10. Let i = 208 + -96. Suppose 0 = 6*r + 1291 - 577. Let h = r + i. Calculate c(h).
-3
Let g(w) = w**2 - 14*w + 15. Let j(o) = o**2 - 14*o + 15. Let i(h) = -6*g(h) + 5*j(h). Suppose n = 3*v - 37, 267*v + n = 271*v - 48. Give i(v).
18
Let l(y) = -2*y**2 - 342265*y - 83 + 3*y**2 + 342287*y. What is l(-25)?
-8
Let n(d) = d**2 + 28*d - 22. Let u(l) = -l**2 - 72*l - 796. Let v be u(-59). What is n(v)?
7
Let b = -489 - -321. Let g = b + 113. Let p = -54 - g. Let v(i) = 5*i - 1. Determine v(p).
4
Let i(p) = -p**2 + 2*p + 2. Let z be i(0). Suppose -11 = -z*a + 5. Let y(x) = 7*x + a*x - 3 + x**2 - 10*x. Calculate y(-5).
-3
Let d(j) = -j**2 - 91*j**3 + 42*j**3 + 48*j**3 - 5 + 4*j + 6 - j**2. Calculate d(3).
-32
Let h(k) = 62846*k + 62849*k - 20 - 125697*k. Give h(-6).
-8
Let o(q) be the first derivative of 5*q**2/2 + 108*q + 1376. What is o(-21)?
3
Let x(b) = -4*b - 5. Suppose l + 4*g - 30 = 0, l + 17*g - 12*g = 34. What is x(l)?
-61
Let b(w) be the third derivative of w**6/120 - 3*w**5/10 + 37*w**4/24 - 41*w**3/3 - 2*w**2 - 141. Calculate b(16).
-2
Suppose 17*h - 20*h = -468. Suppose 12*v - h - 84 = 0. Suppose -v = -15*p + 10*p. Let f(z) = 2*z + 1. Calculate f(p).
9
Let h(b) be the second derivative of -b**5/120 - b**4/4 - 4*b**3 + b**2 + 13*b - 1. Let z(s) be the second derivative of h(s). Determine z(6).
-12
Let q(k) be the third derivative of 5*k**4/24 + k**3/3 + 12*k**2 - 85. Give q(-2).
-8
Let j be (-8*4/24)/((-3)/36). Suppose 43 = -4*b - 5*s, 3*b + 3*s + j + 14 = 0. Let f(c) = -3*c - 6. Give f(b).
15
Let x(b) be the third derivative of -b**8/6720 - b**7/630 + b**6/360 - b**5/30 + 19*b**4/4 - 202*b**2. Let i(y) be the second derivative of x(y). Give i(-4).
-12
Let c(k) = 4 + 6*k**2 + 3*k**3 + 3 - 2*k**3 - 2*k**3 - 5*k. Let r(t) = 2*t**3 + 13*t**2 - 7*t + 2. Let g be r(-7). Suppose g*a = -a + 15. What is c(a)?
7
Suppose 2*s + 35 = -2*s - 3*h, s - 5*h = -26. Let w(t) = -11*t - 111. Determine w(s).
10
Let r(y) = 2*y**3 + 3*y**2 - 4*y. Let c be r(4). Suppose 18*p - 14*p = c. Let f = p + -41. Let t(g) = -12*g**2 + 1. Determine t(f).
-11
Let i(r) be the first derivative of r**4/4 + 5*r**3 - 9*r**2 - 47*r + 4016. Give i(-16).
-15
Let o(j) = -20*j + 10. Let l = 5 - 1. Let h be o(l). Let q be ((-42)/h)/((-1)/5). Let r(g) = g**2 - 2. Give r(q).
7
Let a(t) = -4*t**2 - 36*t + 7. Let y be a(-9). Suppose -s - y + 7 = 0. Let b(n) = -n - 10. What is b(s)?
-10
Suppose 5*d + 3*v + 38 = 0, 2*v - 14 = -6. Let c be (5/d)/(6/(-36)). Let g(b) = -3*b + c*b + 2*b - b + 2. What is g(10)?
12
Let r(s) = -56 - 58 - 53 + 7*s + 162. What is r(2)?
9
Let u be -4*((-85)/20 + 6). Let f(q) be the third derivative of 0 + 0*q + 15*q**2 + 1/2*q**3 - 1/60*q**5 - 7/24*q**4. Determine f(u).
3
Let c(p) = -p**2 - 2*p - 1. Let h(d) = 3*d**2 + 11*d + 10. Let m(j) = 4*c(j) + h(j). Let o be m(-2). Let x(v) = 3*v + 8. Give x(o).
-4
Let d(x) = 7*x**3 - 12*x**2 + 1. Let k(w) = 15*w**3 - 26*w**2 + 4. Let s(b) = -13*d(b) + 6*k(b). Suppose 0*m + 3 = -4*q + 3*m, -3 = -2*q - 3*m. What is s(q)?
11
Let f(b) = -5*b. Let p be f(-1). Suppose -h = -5*v - p, 0*v - 5*v + 4*h = -10. Let x(o) = -12*o + 1. Give x(v).
25
Let c(u) = 317*u + 93. Let p(x) = -876*x - 278. Let j(a) = 11*c(a) + 4*p(a). What is j(-6)?
13
Let k be (-2)/(-17) + 261/(-51). Let u be (k/10)/((-6)/4)*9. Let v be (27/5)/3*15/u. Let r(i) = i**2 - 9*i - 1. What is r(v)?
-1
Let h(b) = -b**3 - 5*b**2 - 6*b - 7. Let i = -22234 - -22232. What is h(i)?
-7
Suppose 65*t - 963 = -474 + 1461. Let a(c) = 9*c - 271. What is a(t)?
-1
Let g(s) be the third derivative of s**5/60 - s**4/2 + 7*s**3/2 - 3*s**2 + 1. Determine g(10).
1
Let x(d) = -d**3 - 76*d**2 - 216*d + 232. Let m be x(-73). Let p(u) = -u**2 + 11*u - 12. What is p(m)?
-38
Let u(l) = -l - 15. Let x be u(-16). Let a(s) = -x + 62*s - 35*s + 5 - 18*s. Calculate a(-3).
-23
Let y be (-3)/(-6)*2*8. Let w(a) = -7*a**2 + 5 - 8*a + 29419*a**3 - 58829*a**3 + 29411*a**3. Give w(y).
5
Let h(q) = 7*q - 16. Let i = 4375 - 4387. Calculate h(i).
-100
Let n = 